1, 457, 937
What are the prime factors of 1210357?
19, 63703
List the prime factors of 5715828.
2, 3, 179, 887
What are the prime factors of 9208704?
2, 3, 23981
What are the prime factors of 1889979?
3, 7, 13, 23, 43
What are the prime factors of 8547802?
2, 59, 107, 677
What are the prime factors of 1667260?
2, 5, 7, 11909
What are the prime factors of 733644?
2, 3, 6793
What are the prime factors of 5651840?
2, 5, 8831
What are the prime factors of 189599?
189599
List the prime factors of 393025.
5, 79, 199
List the prime factors of 715702.
2, 13, 27527
What are the prime factors of 269665?
5, 11, 4903
What are the prime factors of 424939?
424939
List the prime factors of 202127.
202127
What are the prime factors of 360416?
2, 7, 1609
List the prime factors of 1086779.
89, 12211
What are the prime factors of 79948?
2, 11, 23, 79
List the prime factors of 239906.
2, 119953
List the prime factors of 854600.
2, 5, 4273
List the prime factors of 7033887.
3, 7, 311, 359
List the prime factors of 10616618.
2, 1741, 3049
What are the prime factors of 644689?
19, 33931
List the prime factors of 298737.
3, 19, 1747
List the prime factors of 9706375.
5, 7, 11093
List the prime factors of 128638.
2, 64319
List the prime factors of 2657716.
2, 227, 2927
List the prime factors of 1419805.
5, 283961
List the prime factors of 240082.
2, 120041
What are the prime factors of 22202200?
2, 5, 31, 3581
What are the prime factors of 4175830?
2, 5, 417583
What are the prime factors of 26318003?
23, 1144261
List the prime factors of 723895.
5, 144779
What are the prime factors of 41235378?
2, 3, 53, 129671
What are the prime factors of 114464?
2, 7, 73
List the prime factors of 1686611.
19, 29, 3061
What are the prime factors of 214812?
2, 3, 13, 17
List the prime factors of 735061.
735061
List the prime factors of 687521.
687521
List the prime factors of 1633277.
1633277
What are the prime factors of 138534?
2, 3, 11, 2099
What are the prime factors of 24422312?
2, 89, 34301
What are the prime factors of 15501664?
2, 89, 5443
List the prime factors of 92291.
41, 2251
List the prime factors of 2216565.
3, 5, 13, 421
List the prime factors of 91121.
91121
What are the prime factors of 10570742?
2, 7, 13, 241
List the prime factors of 3042187.
23, 29, 4561
List the prime factors of 9747006.
2, 3, 1624501
What are the prime factors of 20710265?
5, 4142053
List the prime factors of 633674.
2, 101, 3137
List the prime factors of 680270.
2, 5, 59, 1153
What are the prime factors of 837011?
7, 109, 1097
List the prime factors of 1072271.
197, 5443
List the prime factors of 11198970.
2, 3, 5, 124433
What are the prime factors of 233350?
2, 5, 13, 359
What are the prime factors of 381101?
7, 54443
What are the prime factors of 3895151?
13, 103, 2909
What are the prime factors of 1312923?
3, 437641
What are the prime factors of 581704?
2, 19, 43, 89
What are the prime factors of 722379?
3, 7, 41, 839
List the prime factors of 1321299.
3, 7, 6991
What are the prime factors of 1344178?
2, 11, 61099
List the prime factors of 277929.
3, 30881
List the prime factors of 7053982.
2, 13, 53, 5119
List the prime factors of 528334.
2, 264167
What are the prime factors of 1205620?
2, 5, 13, 4637
List the prime factors of 123662.
2, 7, 11, 73
What are the prime factors of 50084?
2, 19, 659
What are the prime factors of 11045134?
2, 131, 42157
List the prime factors of 1091356.
2, 7, 38977
List the prime factors of 30482548.
2, 31, 293, 839
List the prime factors of 7050099.
3, 7, 335719
List the prime factors of 283269.
3, 7, 41, 47
What are the prime factors of 410491?
410491
List the prime factors of 7964661.
3, 1489, 1783
List the prime factors of 343901.
343901
What are the prime factors of 2048509?
2048509
What are the prime factors of 22258602?
2, 3, 29, 42641
List the prime factors of 62764.
2, 13, 17, 71
What are the prime factors of 6544061?
179, 36559
What are the prime factors of 6918670?
2, 5, 11, 62897
List the prime factors of 8558380.
2, 5, 427919
What are the prime factors of 446697?
3, 49633
What are the prime factors of 480588?
2, 3, 29, 1381
What are the prime factors of 379616?
2, 11863
What are the prime factors of 1561867?
541, 2887
What are the prime factors of 3297645?
3, 5, 13, 1879
What are the prime factors of 5438385?
3, 5, 17, 7109
What are the prime factors of 159231?
3, 53077
What are the prime factors of 731329?
19, 61, 631
List the prime factors of 1029126.
2, 3, 7, 107, 229
List the prime factors of 3255307.
11, 295937
List the prime factors of 1401126.
2, 3, 293, 797
List the prime factors of 5954662.
2, 7, 425333
List the prime factors of 186663.
3, 43, 1447
What are the prime factors of 180263?
180263
List the prime factors of 834206.
2, 173, 2411
List the prime factors of 5949283.
5949283
What are the prime factors of 233762?
2, 116881
List the prime factors of 1499770.
2, 5, 47, 3191
List the prime factors of 2894784.
2, 3, 15077
What are the prime factors of 48318?
2, 3, 8053
List the prime factors of 762987.
3, 254329
What are the prime factors of 19241847?
3, 47, 59, 257
List the prime factors of 730881.
3, 17, 281
List the prime factors of 1352836.
2, 41, 73, 113
List the prime factors of 56181.
3, 61, 307
List the prime factors of 12918033.
3, 367, 3911
What are the prime factors of 1718160?
2, 3, 5, 7159
List the prime factors of 7262259.
3, 73, 33161
List the prime factors of 5535748.
2, 1383937
What are the prime factors of 363083?
7, 51869
What are the prime factors of 781208?
2, 97651
List the prime factors of 10658705.
5, 701, 3041
What are the prime factors of 825761?
97, 8513
What are the prime factors of 958480?
2, 5, 11981
List the prime factors of 1198415.
5, 17, 23, 613
What are the prime factors of 494123?
7, 70589
What are the prime factors of 308612?
2, 77153
List the prime factors of 345895.
5, 11, 19, 331
What are the prime factors of 13512293?
23, 61, 9631
What are the prime factors of 1936062?
2, 3, 17, 19, 37
List the prime factors of 147965.
5, 101, 293
What are the prime factors of 651933?
3, 17, 4261
What are the prime factors of 88775?
5, 53, 67
List the prime factors of 11407590.
2, 3, 5, 126751
What are the prime factors of 2705103?
3, 100189
List the prime factors of 42552.
2, 3, 197
What are the prime factors of 4262111?
7, 608873
What are the prime factors of 76940?
2, 5, 3847
What are the prime factors of 147857?
199, 743
List the prime factors of 134384.
2, 37, 227
List the prime factors of 1348348.
2, 521, 647
List the prime factors of 266345.
5, 53269
List the prime factors of 33064.
2, 4133
What are the prime factors of 12138?
2, 3, 7, 17
List the prime factors of 1442957.
31, 89, 523
What are the prime factors of 10685623?
13, 821971
What are the prime factors of 827579?
37, 22367
What are the prime factors of 4140826?
2, 17, 121789
List the prime factors of 379104.
2, 3, 11, 359
What are the prime factors of 1886941?
7, 97, 397
What are the prime factors of 6987428?
2, 7, 61, 4091
List the prime factors of 84430.
2, 5, 8443
What are the prime factors of 283588?
2, 31, 2287
What are the prime factors of 103857?
3, 13, 2663
List the prime factors of 394203.
3, 101, 1301
What are the prime factors of 296711?
47, 59, 107
What are the prime factors of 402199?
7, 57457
What are the prime factors of 4795117?
1979, 2423
What are the prime factors of 6253907?
11, 19, 23, 1301
What are the prime factors of 126979?
43, 2953
List the prime factors of 650494.
2, 13, 127, 197
What are the prime factors of 1959508?
2, 19, 23, 59
What are the prime factors of 1647809?
29, 56821
List the prime factors of 10626531.
3, 149, 23773
What are the prime factors of 24086124?
2, 3, 29, 23071
List the prime factors of 826782.
2, 3, 11, 12527
List the prime factors of 2958926.
2, 137, 10799
What are the prime factors of 721098?
2, 3, 7, 59, 97
What are the prime factors of 1482740?
2, 5, 7, 17, 89
List the prime factors of 181951.
7, 11, 17, 139
What are the prime factors of 5746?
2, 13, 17
List the prime factors of 303407.
13, 23339
List the prime factors of 14749980.
2, 3, 5, 7, 29, 173
List the prime factors of 844213.
227, 3719
What are the prime factors of 317445?
3, 5, 21163
List the prime factors of 409012.
2, 102253
What